{"id":50,"date":"2016-02-21T13:19:23","date_gmt":"2016-02-21T12:19:23","guid":{"rendered":"http:\/\/uotf-convention.de\/wordpress\/?page_id=50"},"modified":"2019-05-03T12:16:59","modified_gmt":"2019-05-03T10:16:59","slug":"hernebration","status":"publish","type":"page","link":"http:\/\/uotf-convention.de\/wordpress\/","title":{"rendered":"Hernebration"},"content":{"rendered":"<h5 style=\"text-align: center;\"><strong>UNION OF THE FORCE CONVENTION<br \/>\n\u201eHERNEBRATION V\u201c<\/strong><\/h5>\n<p>Eine \u201eConvention von Fans f\u00fcr Fans\u201c .. diese Aussage hat man von vielen gro\u00dfen Veranstaltern in den letzten Jahren geh\u00f6rt.<\/p>\n<p>So fanden die Veranstaltungen dann auch tats\u00e4chlich statt: Die Fans planten die kompletten Rahmenprogramme und f\u00fchrten diese selbstst\u00e4ndig durch und lie\u00dfen die Wochenenden zu einem tollen Erlebnis werden. Trotz dieser vielen Arbeit, die Fans in die Veranstaltung gepackt haben, wurde noch ein hoher Eintrittspreis abkassiert, bei dem man sich (au\u00dfer im Punkt \u201eedle Location\u201c) gefragt hat..warum ??<br \/>\nWenn man die Fans fragt, warum sie dazu bereit sind, immer so viel zu investieren, bekommt man zu 99% die gleiche Antwort: \u201eEs ist toll die anderen Fans wieder zu treffen.. mit Ihnen einen bunten Abend zu gestalten und mal richtig toll zu feiern!\u201c<br \/>\nWir wollen nun die Initiative ergreifen und genau das zu fanfreundlichen Preisen anzubieten. Wir beschr\u00e4nken uns hierbei nicht nur auf das Thema Star Wars, sondern dem Science Fiction im Allgemeinen.<br \/>\nWir planen selbst die ganzen Abl\u00e4ufe, das Rahmenprogramm und alles was dazu geh\u00f6rt.<br \/>\nIhr k\u00f6nnt Euch nat\u00fcrlich sehr gerne mit Programmpunkten und allerlei Dingen einbringen und wir unterst\u00fctzen Euch im Rahmen unserer M\u00f6glichkeiten sehr gerne dabei.\u201c<\/p>\n<p>So wurde die erste Union of the Force Convention 2015 angek\u00fcndigt und diese Philosophie wird weiterhin so gelebt.<br \/>\nNach dem gro\u00dfen Zuspruch bei den ersten vier Conventions, steht nun die Hernebration V in den Startl\u00f6chern. &#8222;Denn F\u00fcnf ist Tr\u00fcmpf \ud83d\ude09 &#8220;<br \/>\nWieder einmal werden sich Fangruppen, H\u00e4ndler, Schausteller und Sammler an den zahlreichen Tischen pr\u00e4sentieren. Dabei wird es wieder viele M\u00f6glichkeiten geben, sich gut und ausgiebig \u00fcber die Science Fiction Leidenschaft zu unterhalten und sich mit Merchandise Produkten einzudecken. Von den kleinen Aktion Figuren bis hin zu lebensgro\u00dfen Kost\u00fcmen und Masken wird hier alles zu finden sein.<\/p>\n<p>F\u00fcr die kommende Convention haben wir, nach der tollen Erfahrung bei der dritten und vierten Veranstaltung wieder das Caf\u00e9 Pluto und das Jugendzentrum Pluto ausgew\u00e4hlt. Das ganze Geb\u00e4ude wird an diesem Tag nur f\u00fcr die Hernebration Besucher ge\u00f6ffnet sein. Es gibt keinen \u201enormalen\u201c Gastronomiebetrieb, der den Ablauf st\u00f6ren k\u00f6nnte.<\/p>\n<p>Direkt vor dem Caf\u00e9 gibt es eine gro\u00dfe Fl\u00e4che, auf der wir Spiele und andere Besch\u00e4ftigungen f\u00fcr Kinder durchf\u00fchren m\u00f6chten. Keine 50 Meter weiter gibt es auch noch einen gro\u00dfen Spielplatz, auf dem sich die Kleinen austoben k\u00f6nnen.<\/p>\n<p>F\u00fcr das Abendprogramm steht uns eine B\u00fchne zur Verf\u00fcgung, die riesig gro\u00df ist. Diese M\u00f6glichkeit werden wir voll aussch\u00f6pfen. Auch f\u00fcr das Dinner bietet das Caf\u00e9 Pluto uns einen entscheidenden Vorteil. Wir werden es dort in Form eines Buffets durchf\u00fchren. So wird es dieses Mal auch klappen, dass wir um 18 Uhr mit dem Dinner beginnen und jeder ges\u00e4ttigt ist, wenn wir ab 20 Uhr mit dem Abendprogramm beginnen.<\/p>\n<p>Es wird auch wieder eine gro\u00dfe Tombola geben, von der wir die Einnahmen wieder spenden werden.<br \/>\nIhr merkt schon.. wir werden wieder ein bisschen gr\u00f6\u00dfer. Aber wir werden A nicht teurer und wollen B auch weiterhin die gleiche tolle famili\u00e4re Atmosph\u00e4re bieten, die uns bei den letzten Veranstaltungen so beliebt gemacht hat.<br \/>\nWir werden Euch hier und auf\u00a0Facebook\u00a0 auf dem aktuellen Stand der Dinge halten.<\/p>\n<p>Wir freuen uns schon jetzt m\u00e4chtig auf die HERNEBRATION V<\/p>\n","protected":false},"excerpt":{"rendered":"<p>UNION OF THE FORCE CONVENTION \u201eHERNEBRATION V\u201c Eine \u201eConvention von Fans f\u00fcr Fans\u201c .. diese Aussage hat man von vielen gro\u00dfen Veranstaltern in den letzten Jahren geh\u00f6rt. So fanden die Veranstaltungen dann auch tats\u00e4chlich statt: Die Fans planten die kompletten Rahmenprogramme und f\u00fchrten diese selbstst\u00e4ndig durch und lie\u00dfen die Wochenenden zu einem tollen Erlebnis werden. &hellip; <a href=\"http:\/\/uotf-convention.de\/wordpress\/\" class=\"more-link\"><span class=\"screen-reader-text\">Hernebration<\/span> weiterlesen <span class=\"meta-nav\">&rarr;<\/span><\/a><\/p>\n","protected":false},"author":1,"featured_media":0,"parent":0,"menu_order":0,"comment_status":"closed","ping_status":"closed","template":"","meta":[],"_links":{"self":[{"href":"http:\/\/uotf-convention.de\/wordpress\/wp-json\/wp\/v2\/pages\/50"}],"collection":[{"href":"http:\/\/uotf-convention.de\/wordpress\/wp-json\/wp\/v2\/pages"}],"about":[{"href":"http:\/\/uotf-convention.de\/wordpress\/wp-json\/wp\/v2\/types\/page"}],"author":[{"embeddable":true,"href":"http:\/\/uotf-convention.de\/wordpress\/wp-json\/wp\/v2\/users\/1"}],"replies":[{"embeddable":true,"href":"http:\/\/uotf-convention.de\/wordpress\/wp-json\/wp\/v2\/comments?post=50"}],"version-history":[{"count":10,"href":"http:\/\/uotf-convention.de\/wordpress\/wp-json\/wp\/v2\/pages\/50\/revisions"}],"predecessor-version":[{"id":629,"href":"http:\/\/uotf-convention.de\/wordpress\/wp-json\/wp\/v2\/pages\/50\/revisions\/629"}],"wp:attachment":[{"href":"http:\/\/uotf-convention.de\/wordpress\/wp-json\/wp\/v2\/media?parent=50"}],"curies":[{"name":"wp","href":"https:\/\/api.w.org\/{rel}","templated":true}]}}